ose 6 = 4*d - s. What is the highest common divisor of d and f?
10
Let n(k) = 35*k + 4. Let w(h) = 69*h + 9. Let p(v) = -9*n(v) + 4*w(v). Let t be p(-1). Calculate the greatest common factor of 26 and t.
13
Suppose 0 = 2*o + 4*y - 12, -3 = -o + 3*y + 3. What is the greatest common divisor of o and 3?
3
Suppose 4*d = 8*v - 4*v + 64, 2*d - 3*v - 28 = 0. Let l = d + 5. Suppose 3*y + c = 74 - l, -5*c - 10 = -2*y. What is the greatest common divisor of y and 3?
3
Suppose a - 2*i = -0*a + 10, 3*a + 4*i - 60 = 0. Calculate the highest common divisor of a and 4.
4
Let c = 60 - 36. What is the greatest common divisor of 12 and c?
12
Let p(n) = -n + 16. Let o be p(4). What is the highest common factor of 36 and o?
12
Let g = 9 + -3. Suppose -m + g*m - 25 = 0. Suppose 2*q - 103 = -2*z - z, -3*z + q = -106. What is the highest common factor of m and z?
5
Let r = 2 + -1. Let i be 15/(-6)*(-13 - r). What is the highest common divisor of i and 7?
7
Let a(d) = -4*d + 14. Let y be a(-6). Suppose 5*u + 28 = 123. What is the greatest common factor of u and y?
19
Let l(f) = f**3 + f**2 - 14*f + 3. Let w be l(7). What is the greatest common factor of w and 33?
33
Let t be 15/4 + 1/4. Suppose -10 + 2 = -t*o. Suppose o*h + 3*a - 147 = 0, 2*h - 5*a - 126 = 29. What is the highest common divisor of h and 30?
15
Suppose -3*d - 12 = 3*o, 0 = 4*d + 4*o - o + 14. Let u be -2 + 2 + 1 - d. Let r be 9 - 0*(-3)/(-3). Calculate the highest common divisor of u and r.
3
Let w = 7 - 7. Suppose 0 = -w*n - 2*n + 14. Let s(y) = 2*y**2 - 4*y + 5. Let m be s(4). What is the highest common factor of m and n?
7
Suppose -3*q = -0*q + 4*t - 31, q = -5*t + 25. Suppose -75 = -q*i + 55. What is the greatest common divisor of 13 and i?
13
Suppose 7*i - 527 = -107. Calculate the highest common factor of i and 20.
20
Let s(u) = u**2 + 3*u + 5. Let q be s(-4). Let y be 1 - (-22 + q/3). Calculate the highest common divisor of 20 and y.
20
Let d be -3*((-248)/12 + -1). What is the highest common factor of d and 13?
13
Suppose 0 = -p + 2 - 0. Suppose -3*k + 5 = -p*k. Calculate the highest common factor of 25 and k.
5
Suppose -388 = -2*r + 92. Let f be ((-5)/(-10))/(2/r). What is the highest common divisor of 40 and f?
20
Let b = 398 - 266. What is the highest common divisor of 12 and b?
12
Suppose 0 = -5*z + 2*z - 2*h + 14, 0 = -3*z + 3*h - 6. What is the greatest common factor of z and 8?
2
Suppose m = w - 3, 0 = -4*w - 0*w - 4*m + 4. Suppose -w*j = -j - 52. Suppose 2*f = -2*f + j. Calculate the greatest common divisor of 13 and f.
13
Let u(r) = -r**3 + 11*r**2 + r + 14. Let y be u(6). Calculate the greatest common divisor of 80 and y.
40
Suppose -2*w + 71 + 19 = 0. Suppose 5*o = 52 + 23. Suppose w = 4*n - o. Calculate the highest common factor of 30 and n.
15
Let s be (-1286)/(-16) + (-3)/8. Calculate the highest common factor of s and 32.
16
Suppose 3*o - 5*a - 358 = 0, 308 = 4*o - o + 5*a. Calculate the greatest common divisor of 74 and o.
37
Let z(h) = -10*h**2. Let b be z(-1). Let q = b - -14. Suppose 0 = 3*k - 8 - 22. Calculate the highest common divisor of k and q.
2
Let u be 4/(-10) - 228/(-20). Suppose 0 = 4*m + 2*q + 322, -4*m + 244 = -7*m + q. Let g = m + 169. What is the highest common factor of u and g?
11
Let s = 66 - 30. What is the greatest common factor of 24 and s?
12
Suppose 0 = 3*v - 2*d - 364, 4*v - 125 = 4*d + 363. Let h be (-4)/6 + 94/6. Calculate the greatest common factor of h and v.
15
Let h(i) = 19*i**2 - i. Let f be h(1). Suppose 4*v + f = 6*v. What is the highest common factor of v and 99?
9
Suppose 0 = -0*u + 5*u - 2*m + 1, 2*u - 4*m = -10. Suppose b = u + 6. Calculate the greatest common divisor of b and 28.
7
Let s be -2*1 + -1 + 7. Let k(w) = 0*w - 3*w + w**2 - 2 + 0*w**2. Let h be k(-3). What is the highest common factor of s and h?
4
Let f be ((-216)/(-40))/(9/30). What is the highest common divisor of 2 and f?
2
Let f be 3 - -1 - (3 - 1). Suppose p = -3*d - 16, 3*p = -f*p - 3*d - 20. Let w = p - -5. Calculate the greatest common factor of 20 and w.
4
Suppose 2*q = -q + 18. Let g be ((-68)/q)/(2/(-3)). Calculate the highest common divisor of 51 and g.
17
Suppose -2*q - 3*h = -5*h - 18, 4*q - 6 = -2*h. Calculate the greatest common factor of q and 32.
4
Let b = -127 + 187. Calculate the highest common divisor of 24 and b.
12
Let j(y) = y**2 - 5*y + 6. Let i be j(5). Suppose -v + 1 = 2*q, -i*q = -5*v - 3*q + 18. What is the greatest common factor of v and 33?
3
Let f(w) = 9*w**3 + 2*w**2 - 4*w + 3. Let h be f(2). What is the greatest common factor of h and 30?
15
Suppose -2*g + 106 = 5*i, -2*i = -3*g + g - 34. Suppose -4*t = 5*z - 62 - 33, 0 = 4*z + i. What is the highest common divisor of 45 and t?
15
Suppose 0 = -t - 3*t + 16. Suppose -3*o = t*h - 34, -h + 3*o - 14 = -3*h. Let r(q) = 9*q - 2. Let j be r(3). Calculate the highest common divisor of h and j.
5
Suppose 5*f - 110 = -2*x, 3*x + 0*x = f + 182. Suppose -2*k - a = 40, -x = 2*k - 0*k - 4*a. Let l = 42 + k. What is the greatest common divisor of 8 and l?
4
Let f(y) = 5*y**3 - 4*y**2 + 5*y - 5. Let c be f(2). Calculate the greatest common divisor of 319 and c.
29
Suppose 2*g - 2 + 14 = 0. Let a be (g + -3)/3 - -6. What is the greatest common divisor of 3 and a?
3
Suppose 2*r + 5 = -3*y - 0, -r = 5*y + 6. Let z = 29 - y. Let o = -9 + z. Calculate the greatest common factor of o and 7.
7
Let b(s) = s**2 - 3*s. Let z be b(6). Let i be (-10)/55 + z/(-22). Let v be 2*30/4 + i. Calculate the highest common divisor of v and 28.
14
Suppose 0*j + j = -7. Let o = j + 15. Calculate the greatest common divisor of 64 and o.
8
Suppose m = -4*h + 3*h + 22, 0 = -5*h - m + 90. Calculate the greatest common divisor of 17 and h.
17
Let p(k) = 3*k**2 - 7*k + 12. Let l be p(3). What is the highest common factor of 6 and l?
6
Let y(l) = -l**3 + 8*l**2 + 11*l + 3. Let q be y(9). What is the highest common factor of q and 21?
21
Let d be 4/18 + (20730/54)/5. Suppose -q = -3*t - 22, 0 = -2*q - 5*t - 0 - 11. Calculate the highest common factor of q and d.
7
Suppose -3*t = 2*t + 2*q - 43, 4*q - 16 = 0. Suppose 5*g = t + 3. Calculate the greatest common factor of 12 and g.
2
Suppose 0 = 3*j - j + 6, 2*g = -2*j + 64. Calculate the greatest common factor of 7 and g.
7
Let w(x) = 35*x + 4. Let m(p) = -71*p - 8. Let q(h) = -2*m(h) - 5*w(h). Let n be q(-3). What is the greatest common factor of 19 and n?
19
Let o = 19 - 10. Let q = o - 9. Suppose -3*c - 2*c + 245 = q. Calculate the highest common divisor of c and 7.
7
Let s(b) = b**2 + 3*b - 6. Let a be s(-9). Let q be 0 - (-1)/1*-1. Let k be (18 - (q - -3))/1. Calculate the greatest common divisor of a and k.
16
Let q(c) = -c**3 - 2*c**2 + 4*c + 1. Let z be q(-3). Let m be 112/(-7)*11/z. What is the greatest common factor of m and 11?
11
Let c = -134 - -232. Let b(t) = -t**2 + 7*t + 8. Let s be b(6). What is the greatest common divisor of s and c?
14
Suppose 2*n + 0*n = 20. Let h be 2/6*0 - 15. Let x = h + 35. Calculate the highest common factor of n and x.
10
Let p = -55 - -97. What is the greatest common divisor of 14 and p?
14
Let t = 33 + -20. Let h be 276/8*(-10)/(-3). Let d = h - 50. What is the greatest common factor of d and t?
13
Let f be (8/40)/(2/10). Calculate the highest common factor of f and 3.
1
Let f = 1 - 5. Let u = 3 + f. Let n = u - -8. What is the greatest common divisor of 7 and n?
7
Suppose -j + 2 = -0*j. Let q be j/4 - (-414)/4. Let n(v) = 15*v**2 + 3*v + 1. Let r be n(-1). What is the greatest common factor of r and q?
13
Let z = -89 - -109. Calculate the greatest common divisor of 20 and z.
20
Suppose 0*c = -3*c + 15. Suppose 0*g - c*g = -440. Let z be (-2)/4 + 23/2. Calculate the greatest common divisor of g and z.
11
Let t be (-624)/(-36) - 2/(-3). Suppose s - 3*s = -144. What is the greatest common divisor of t and s?
18
Let v = 6 - 2. Suppose 84 = 9*n - 2*n. Calculate the highest common factor of v and n.
4
Let u be 2*4/((-8)/(-5)). Let l = 25 + -39. Let o be 1*(-2 - (l - -2)). Calculate the highest common divisor of u and o.
5
Let h(o) = o**2 - 2*o - 2. Let x be h(2). Let s be -2 - -2*(-8)/x. Suppose s*q - 20 = q. What is the greatest common divisor of q and 4?
4
Let c = 4 - 2. Suppose 4*q - c*q = 4. Suppose 0 = q*a - 41 - 157. Calculate the greatest com